b = -13 - w. Suppose b = 5*k - 27. Calculate the highest common divisor of k and 2.
2
Let m = -3 - -18. Suppose -2*i = i - m. What is the highest common divisor of 20 and i?
5
Let a be (-5 + 4)/(2/(-10)). Let n(y) = y - 1. Let k be n(a). Let i be (-4)/(k/(-2)) + 5. What is the highest common factor of i and 77?
7
Suppose 13 = 4*h - 27. Let y be (-93)/(-5) + 4/h. Let p be (-2 + 4)*(7 + 69). Calculate the greatest common factor of p and y.
19
Let w be (-2 - -2)/1*1. Suppose -3*m = 4*b - 343, -12 = -w*m + 4*m. Calculate the greatest common divisor of b and 22.
22
Let m be (-1)/(-4) - 2388/16. Let h = -99 - m. What is the highest common divisor of h and 10?
10
Let r = -6 - -10. Suppose 0*q + 20 = r*q. Let k(l) = l**2 - 2*l - 6. Let t be k(q). What is the greatest common factor of 1 and t?
1
Let d(t) = t - 7. Let s be d(11). Suppose s = 3*r - 5. Calculate the highest common factor of r and 3.
3
Suppose -4 = -5*k + 116. Suppose 3*l - 161 = -0*m + m, 5*m + 157 = 3*l. Let n be 16/3*l/8. What is the highest common divisor of n and k?
12
Suppose -g - 14 = g. Let u(i) = -i**2 - 7*i + 4. Let q be u(g). Suppose -2*d - 84 = -q*d. Calculate the greatest common divisor of d and 6.
6
Let v be (6/9)/((-5)/375). Let p = v + 115. What is the greatest common factor of p and 26?
13
Let w(b) = 2*b - 2. Let t be w(2). Suppose t*r = -2*l + 78, -l - 4*l - 3*r = -185. What is the highest common factor of 17 and l?
17
Suppose -o = o - 72. Let z(u) = u**2 + 3. Let x be z(-3). What is the greatest common factor of o and x?
12
Let o be ((-387)/(-43))/(1 + (-2)/(-4)). Calculate the highest common factor of o and 12.
6
Suppose 9*x = 4*x + 125. Calculate the highest common factor of 5 and x.
5
Let c be (16/20 - -1)*5. What is the highest common divisor of 72 and c?
9
Let g be 22/(1/(3/6 - 0)). Let z be (0 - 4/(-3))*33. What is the highest common factor of z and g?
11
Let m(c) = -5*c**3 + 2*c + 3. Let z be m(-2). Let a = 40 + -27. What is the greatest common divisor of a and z?
13
Let k = 213 + -162. Calculate the highest common factor of k and 459.
51
Suppose -3*h = -5*h - 4, 0 = -4*p + 5*h + 10. Suppose 4*t - 3*x - 19 - 1 = 0, 3*x = -5*t + 25. Let u = t + p. What is the greatest common divisor of 45 and u?
5
Suppose 0 = y - 2*n - 48, -3*y - 12 = 5*n - 167. Calculate the highest common factor of 10 and y.
10
Let l(f) = -5*f**3 + f**2 - 1. Let b be l(-1). Let j be ((-1)/(-2))/(b/190). Suppose -32 = 4*y - 184. What is the greatest common divisor of j and y?
19
Let r = 25 - -24. Let n = -15 + 6. Let q = n + r. Calculate the highest common factor of 8 and q.
8
Suppose 2*u + 5*m = 65, -4*m + 36 + 72 = 3*u. Suppose -b + u = 4*b. Let c = b + 22. Calculate the greatest common divisor of 6 and c.
6
Let d(o) = -6*o + 9. Let z be d(-9). Calculate the highest common divisor of z and 9.
9
Let r be 1/((-2)/8) + -10 + 89. Calculate the greatest common divisor of 3 and r.
3
Let r be (-3)/(-1)*(-55)/(-3). Let m be 18/2 - (4 + -6). What is the highest common factor of r and m?
11
Suppose 48 - 237 = -3*y. Let s = -21 + y. What is the greatest common factor of 63 and s?
21
Let z be 1150/16 + (-2)/(-16). Calculate the greatest common divisor of 18 and z.
18
Let d = 14 - 12. Suppose 0 = 2*p - 4 - d. Calculate the highest common factor of p and 3.
3
Let u = -1 - -1. Let x be 10/15*(3 - u). What is the greatest common divisor of x and 16?
2
Let w(q) = q**3 - 23*q**2 + 3*q - 25. Let r be w(23). Let a(l) = l - 2. Let m be a(6). What is the highest common divisor of m and r?
4
Let q(c) = -c**3 + 4*c**2 + c. Let j be q(3). Suppose -15 = -3*n - j. What is the highest common divisor of 3 and n?
1
Let a = 1 + 1. What is the greatest common factor of 22 and a?
2
Let k be ((-21)/(-5))/(2/10). Let j = -18 - -11. Let r be j/(5/2 + -3). What is the highest common divisor of k and r?
7
Let q(v) = 3*v - 6 - 2*v + 2*v. Let y be q(4). Let h(u) = 12*u - 6. Let r be h(5). What is the greatest common factor of y and r?
6
Let j = -102 + 119. Calculate the highest common factor of j and 17.
17
Let g be 638/198 + (-2)/9. What is the highest common divisor of 9 and g?
3
Suppose -w = -4*k - 6*w + 383, -4*k - 3*w = -377. Let g = k - 18. Let j be (-4)/10 + g/10. Calculate the greatest common factor of j and 35.
7
Let c(r) = -r + 10. Let b be c(9). Let o be (4/10)/(5/50). What is the highest common divisor of o and b?
1
Let l be (-32)/(-6) + 1/(-3). Suppose -t - 28 = -l*t - 4*j, -80 = -5*t + 4*j. Calculate the greatest common divisor of t and 24.
12
Let u(d) = d**2 - 11*d + 13. Let b be u(10). Suppose 10 = -5*p, b*c + 0*p - 39 = -3*p. What is the highest common divisor of 165 and c?
15
Let i(n) = -n**2 + 12*n - 5. Let h be i(5). What is the greatest common divisor of h and 120?
30
Let t = 6 - 5. Let d = -9 - -3. Let c be ((-10)/d)/(9/27). What is the highest common factor of c and t?
1
Let d be 1/(((-2)/14)/(-1)). What is the greatest common divisor of 77 and d?
7
Suppose w - 13 = -6. Let p = 4 + w. What is the highest common factor of 99 and p?
11
Let q(i) = 0 - 3 + i + 2*i**2 - 4*i**2 + 3*i**2. Let m be q(-3). Calculate the highest common divisor of m and 3.
3
Let m(t) = -t**2 + 13*t - 4. Let l be m(10). Suppose 4*j + 10 = l. What is the highest common factor of j and 28?
4
Suppose -2*c = -55 - 15. Suppose -2*g + 3*g = -4*r + 37, g = 5*r - c. Suppose -4*z + 0 + r = 0. Calculate the highest common factor of z and 14.
2
Let b be 4/(-8) - (-326)/4. Calculate the highest common divisor of 27 and b.
27
Let m be 4/(-10) - 32/(-5). Let o = 27 - m. Calculate the greatest common factor of o and 168.
21
Let l(k) be the second derivative of k**5/20 + 5*k**4/6 + 4*k**3/3 + 3*k**2 - 2*k. Let h be l(-9). What is the highest common factor of h and 75?
15
Let w(h) = -h**2 + 14*h - 4. Let c be w(14). Let v be (12 + -13)*12*c. Calculate the highest common divisor of v and 120.
24
Suppose -2*p - 4*a + 18 = -4*p, -5*p - 20 = -5*a. Let h(d) = 2*d - 1. Let c be h(p). Calculate the highest common factor of c and 7.
1
Suppose -3*v + 462 = 3*v. What is the highest common divisor of 11 and v?
11
Suppose -5*d + 0*d + 30 = 0. Suppose 2*z - d*z + 400 = 0. Calculate the greatest common factor of 25 and z.
25
Let z(s) = s**3 + 10*s**2 - s - 7. Let f = -5 - 5. Let o be z(f). Suppose -b = -3*y - 5, -5*b + 25 = -0*y + o*y. What is the greatest common factor of 45 and b?
5
Let f(h) = -3*h + 3*h - 5*h + 5. Let d be f(-5). Calculate the highest common factor of d and 12.
6
Let t(n) = -n**2 + 133. Let a be t(0). Calculate the greatest common factor of a and 19.
19
Suppose -32 = -6*j + 100. What is the highest common divisor of j and 22?
22
Suppose 47 = 10*b - 63. Calculate the highest common divisor of 396 and b.
11
Let j(g) = 2*g**3 - 9*g**2 - 1. Let w(b) = 3*b**3 - 10*b**2 - 2. Let x(a) = 4*j(a) - 3*w(a). Let y be x(-6). Calculate the greatest common divisor of 4 and y.
2
Let p = -86 - -151. Suppose z + p = 2*z. Suppose 2*n - n - 13 = 0. Calculate the greatest common factor of n and z.
13
Let z(l) = -l**2 + 21*l + 43. Let r be z(20). What is the highest common factor of r and 9?
9
Let h(g) = 2*g**2 + 12*g + 6. Let w be h(-14). Calculate the highest common divisor of 46 and w.
46
Suppose 2*s = 6*s + 16. Let i be (9/s)/((-1)/28). Suppose 5*r - i = 57. Calculate the greatest common divisor of 3 and r.
3
Let v(y) = y**3 + 6*y**2 + 2*y + 1. Let c be v(-5). Let f = 1 + 2. Suppose -f*p + 0*p = -12. What is the highest common divisor of c and p?
4
Suppose -3 = -o + 1. Suppose y + 27 = o*y. Calculate the greatest common divisor of y and 27.
9
Let y(z) = z**3 - 13*z**2 + z + 1. Let m be y(13). Calculate the greatest common factor of 14 and m.
14
Suppose -6*h - 33 = -17*h. What is the greatest common factor of h and 6?
3
Let z(c) = c**2 + 16*c - 18. Let v be z(-18). Let a be ((-20)/(-15))/(4/6). Calculate the greatest common factor of v and a.
2
Let h(l) = 33*l + 7. Let s(p) = -8*p - 2. Let w(m) = -2*h(m) - 9*s(m). Let c be w(3). Let f = c + -6. Calculate the greatest common divisor of 24 and f.
8
Let n be 2/(-2 + 16/6). Let c be n/(-9) - 112/6. Let x = 33 + c. What is the highest common factor of x and 2?
2
Let i = -16 + 42. Suppose 3*w - f = 191, 8 = 3*f - 4. Calculate the highest common divisor of i and w.
13
Suppose -32 = -0*q - 2*q. Let w(j) = -j**2 - 6*j. Let 